{"id":6,"date":"2014-09-14T11:23:06","date_gmt":"2014-09-14T10:23:06","guid":{"rendered":"http:\/\/cumulus-servis.cz\/leteckaskola\/?page_id=6"},"modified":"2018-05-15T14:17:47","modified_gmt":"2018-05-15T13:17:47","slug":"odkazy","status":"publish","type":"page","link":"http:\/\/cumulus-servis.cz\/leteckaskola\/?page_id=6","title":{"rendered":"Odkazy"},"content":{"rendered":"<h2><\/h2>\n<p><a href=\"http:\/\/aeroklubceskalipa.cz\/\">www.aeroklubceskalipa.cz<\/a><\/p>\n<p>www.privatethairesidence.com<\/p>\n<p>&nbsp;<\/p>\n<p><a href=\"http:\/\/www.aeroweb.cz\">Aeroweb.cz<\/a><\/p>\n<p>Server pro piloty a z\u00e1jemce o l\u00e9t\u00e1n\u00ed, denn\u011b \u010derstv\u00e9 zpr\u00e1vy ze sv\u011bta letectv\u00ed, pravideln\u011b nov\u00e9 \u010dl\u00e1nky o l\u00e9t\u00e1n\u00ed, u\u017eite\u010dn\u00e9 n\u00e1stroje pro p\u0159edletovou p\u0159\u00edpravy, bazar leteck\u00fdch pot\u0159eb, rubrika pr\u00e1ce v\u00a0letectv\u00ed, e-shop a mnoho dal\u0161\u00edho.<\/p>\n","protected":false},"excerpt":{"rendered":"<p>www.aeroklubceskalipa.cz www.privatethairesidence.com &nbsp; Aeroweb.cz Server pro piloty a z\u00e1jemce o l\u00e9t\u00e1n\u00ed, denn\u011b \u010derstv\u00e9 zpr\u00e1vy ze&#8230;<\/p>\n","protected":false},"author":1,"featured_media":0,"parent":0,"menu_order":0,"comment_status":"closed","ping_status":"closed","template":"","meta":[],"_links":{"self":[{"href":"http:\/\/cumulus-servis.cz\/leteckaskola\/index.php?rest_route=\/wp\/v2\/pages\/6"}],"collection":[{"href":"http:\/\/cumulus-servis.cz\/leteckaskola\/index.php?rest_route=\/wp\/v2\/pages"}],"about":[{"href":"http:\/\/cumulus-servis.cz\/leteckaskola\/index.php?rest_route=\/wp\/v2\/types\/page"}],"author":[{"embeddable":true,"href":"http:\/\/cumulus-servis.cz\/leteckaskola\/index.php?rest_route=\/wp\/v2\/users\/1"}],"replies":[{"embeddable":true,"href":"http:\/\/cumulus-servis.cz\/leteckaskola\/index.php?rest_route=%2Fwp%2Fv2%2Fcomments&post=6"}],"version-history":[{"count":5,"href":"http:\/\/cumulus-servis.cz\/leteckaskola\/index.php?rest_route=\/wp\/v2\/pages\/6\/revisions"}],"predecessor-version":[{"id":202,"href":"http:\/\/cumulus-servis.cz\/leteckaskola\/index.php?rest_route=\/wp\/v2\/pages\/6\/revisions\/202"}],"wp:attachment":[{"href":"http:\/\/cumulus-servis.cz\/leteckaskola\/index.php?rest_route=%2Fwp%2Fv2%2Fmedia&parent=6"}],"curies":[{"name":"wp","href":"https:\/\/api.w.org\/{rel}","templated":true}]}}